{"id":226,"date":"2017-08-08T08:56:38","date_gmt":"2017-08-08T06:56:38","guid":{"rendered":"http:\/\/www.healthtech.pl\/?page_id=226"},"modified":"2024-08-20T17:49:47","modified_gmt":"2024-08-20T15:49:47","slug":"scintomics","status":"publish","type":"page","link":"https:\/\/www.healthtech.pl\/?page_id=226","title":{"rendered":"Scintomics"},"content":{"rendered":"\n<h1 class=\"wp-block-heading\"><strong>Scintomics<\/strong><\/h1>\n\n\n\n<figure class=\"wp-block-image\"><img loading=\"lazy\" decoding=\"async\" width=\"1000\" height=\"667\" src=\"http:\/\/www.healthtech.pl\/wp-content\/uploads\/2017\/08\/Scintomics1.jpg\" alt=\"\" class=\"wp-image-227\" srcset=\"https:\/\/www.healthtech.pl\/wp-content\/uploads\/2017\/08\/Scintomics1.jpg 1000w, https:\/\/www.healthtech.pl\/wp-content\/uploads\/2017\/08\/Scintomics1-300x200.jpg 300w, https:\/\/www.healthtech.pl\/wp-content\/uploads\/2017\/08\/Scintomics1-768x512.jpg 768w\" sizes=\"auto, (max-width: 706px) 89vw, (max-width: 767px) 82vw, 740px\" \/><\/figure>\n\n\n\n<p>Firma Scintonics GmbH od roku 2006 wprowadza innowacje, upraszcza procesy i podnosi efektywno\u015b\u0107 wytwarzania radiofarmaceutyk\u00f3w. Dobrze znana seria modu\u0142\u00f3w GRP sta\u0142a si\u0119 cz\u0119\u015bci\u0105 SCINTOMICS Molecular, Applied Theranostics Technologies (SCI-att) w roku 2020, w\u00f3wczas SCI-att przej\u0119\u0142a do\u015bwiadczenia w produkcji modu\u0142\u00f3w od firmy Scintomics, kt\u00f3ra to od roku 2006 sprzedawa\u0142a i instalowa\u0142a w pe\u0142ni automatyczne systemy wytwarzania radiofarmaceutyk\u00f3w w labolatoriach produkcyjnych na ca\u0142ym \u015bwiecie .<\/p>\n\n\n\n<div class=\"wp-block-media-text alignwide has-media-on-the-right is-stacked-on-mobile\" style=\"grid-template-columns:auto 40%\"><figure class=\"wp-block-media-text__media\"><img loading=\"lazy\" decoding=\"async\" width=\"870\" height=\"926\" src=\"http:\/\/www.healthtech.pl\/wp-content\/uploads\/2021\/01\/Scintomics2-1.png\" alt=\"\" class=\"wp-image-419 size-full\" srcset=\"https:\/\/www.healthtech.pl\/wp-content\/uploads\/2021\/01\/Scintomics2-1.png 870w, https:\/\/www.healthtech.pl\/wp-content\/uploads\/2021\/01\/Scintomics2-1-282x300.png 282w, https:\/\/www.healthtech.pl\/wp-content\/uploads\/2021\/01\/Scintomics2-1-768x817.png 768w\" sizes=\"auto, (max-width: 706px) 89vw, (max-width: 767px) 82vw, 740px\" \/><\/figure><div class=\"wp-block-media-text__content\">\n<p><\/p>\n\n\n\n<p>W ofercie firmy znajduj\u0105 si\u0119:<\/p>\n\n\n\n<ul class=\"wp-block-list\"><li>Ca\u0142kowicie automatyczne modu\u0142y syntezy (GRP\u00ae)<\/li><li>Prekursory np.: PSMA I&amp;T, HA-DOTATATE, PSMA I&amp;S, siPSMA-14, siFalin-TATE, PSMA-11, DOTA-TOC<\/li><li>Gotowe zestawy do produkcji (zawieraj\u0105ce kasety, reagenty i wszystkie materia\u0142y zu\u017cywane podczas procesu)<\/li><li>Materia\u0142y zu\u017cywalne dedykowane dla modu\u0142u (GRP\u00ae)<\/li><\/ul>\n\n\n\n<p><\/p>\n<\/div><\/div>\n\n\n\n<div class=\"wp-block-group is-layout-flow wp-block-group-is-layout-flow\"><div class=\"wp-block-group__inner-container\"><\/div><\/div>\n\n\n\n<p>Wi\u0119cej informacji:<\/p>\n\n\n\n<figure class=\"wp-block-image is-resized size-large\"><a href=\"https:\/\/sci-att.com\/\"><img loading=\"lazy\" decoding=\"async\" src=\"https:\/\/www.healthtech.pl\/wp-content\/uploads\/2024\/08\/scintomics.png\" alt=\"\" class=\"wp-image-579\" width=\"131\" height=\"82\" srcset=\"https:\/\/www.healthtech.pl\/wp-content\/uploads\/2024\/08\/scintomics.png 523w, https:\/\/www.healthtech.pl\/wp-content\/uploads\/2024\/08\/scintomics-300x189.png 300w\" sizes=\"auto, (max-width: 131px) 100vw, 131px\" \/><\/a><\/figure>\n","protected":false},"excerpt":{"rendered":"<p>Scintomics Firma Scintonics GmbH od roku 2006 wprowadza innowacje, upraszcza procesy i podnosi efektywno\u015b\u0107 wytwarzania radiofarmaceutyk\u00f3w. Dobrze znana seria modu\u0142\u00f3w GRP sta\u0142a si\u0119 cz\u0119\u015bci\u0105 SCINTOMICS Molecular, Applied Theranostics Technologies (SCI-att) w roku 2020, w\u00f3wczas SCI-att przej\u0119\u0142a do\u015bwiadczenia w produkcji modu\u0142\u00f3w od firmy Scintomics, kt\u00f3ra to od roku 2006 sprzedawa\u0142a i instalowa\u0142a w pe\u0142ni automatyczne systemy &hellip; <\/p>\n<p class=\"link-more\"><a href=\"https:\/\/www.healthtech.pl\/?page_id=226\" class=\"more-link\">Czytaj dalej<span class=\"screen-reader-text\"> Scintomics<\/span><\/a><\/p>\n","protected":false},"author":1,"featured_media":0,"parent":0,"menu_order":0,"comment_status":"closed","ping_status":"closed","template":"","meta":{"footnotes":""},"class_list":["post-226","page","type-page","status-publish","hentry"],"_links":{"self":[{"href":"https:\/\/www.healthtech.pl\/index.php?rest_route=\/wp\/v2\/pages\/226","targetHints":{"allow":["GET"]}}],"collection":[{"href":"https:\/\/www.healthtech.pl\/index.php?rest_route=\/wp\/v2\/pages"}],"about":[{"href":"https:\/\/www.healthtech.pl\/index.php?rest_route=\/wp\/v2\/types\/page"}],"author":[{"embeddable":true,"href":"https:\/\/www.healthtech.pl\/index.php?rest_route=\/wp\/v2\/users\/1"}],"replies":[{"embeddable":true,"href":"https:\/\/www.healthtech.pl\/index.php?rest_route=%2Fwp%2Fv2%2Fcomments&post=226"}],"version-history":[{"count":19,"href":"https:\/\/www.healthtech.pl\/index.php?rest_route=\/wp\/v2\/pages\/226\/revisions"}],"predecessor-version":[{"id":601,"href":"https:\/\/www.healthtech.pl\/index.php?rest_route=\/wp\/v2\/pages\/226\/revisions\/601"}],"wp:attachment":[{"href":"https:\/\/www.healthtech.pl\/index.php?rest_route=%2Fwp%2Fv2%2Fmedia&parent=226"}],"curies":[{"name":"wp","href":"https:\/\/api.w.org\/{rel}","templated":true}]}}